1*o - 12 = -24*o + 3*u. Calculate the remainder when x is divided by o.
0
What is the remainder when ((-59990)/(-42))/((-45)/(-27)) is divided by 43?
40
Suppose z + 2*x + 6 - 15 = 0, -48 = -3*z - 3*x. Calculate the remainder when 962 is divided by z.
19
Suppose 1953 = 4*w + h, 2*w - h = -183 + 1158. What is the remainder when w is divided by 70?
68
Let x(r) = -r**3 - r**2 + 9*r - 15. Let u be x(-9). Suppose -2*o + 6*o + 8 = 0, -o - u = -5*j. Calculate the remainder when j is divided by 16.
14
Let b(h) = 26*h**2 + 117*h - 904. What is the remainder when b(8) is divided by 170?
166
Let d(t) be the first derivative of -t**2 + 48*t - 44. What is the remainder when d(-12) is divided by 36?
0
Let f be 351/15 + (-2)/5. Suppose 0 = f*r - 28*r. Suppose -3*w - 12 + 54 = r. What is the remainder when 40 is divided by w?
12
Suppose -4*o = 8, -48 = -4*d + 6*o - 2*o. Let h(z) = -7*z + 25. Suppose -7 = 8*f - 31. What is the remainder when d is divided by h(f)?
2
Suppose -3*v = 3*c - 82 - 71, 4*v = 2*c - 108. What is the remainder when 465 is divided by c?
49
Let p(x) = -6*x + 1. Suppose -1371*i = -1488 - 6738. What is the remainder when p(-3) is divided by i?
1
Let f be (4/(3 - 1))/((-1)/(-2)). Suppose 2*h - f*n - 28 = 46, -138 = -3*h - 3*n. Let l(k) = 6*k - 79. Calculate the remainder when h is divided by l(17).
20
Calculate the remainder when 728 is divided by -3*(-2)/(-45) + (-66492)/(-540).
113
Let a = -48030 - -48122. Calculate the remainder when 6904 is divided by a.
4
Suppose 14*v - 28*v - 10062 = -23*v. Calculate the remainder when v is divided by 22.
18
Calculate the remainder when 1811 is divided by (8/(-6))/(124/(-4092)).
7
Let i = 3690 + -3276. What is the remainder when i is divided by 20?
14
Let n be 2/1 - 2/((-10)/85). Suppose n*j = -9*j + 336. What is the remainder when 117 is divided by j?
9
Suppose -5 + 9 = 4*t. Suppose -k = -54 + 35. Calculate the remainder when 2*(t - -34) - -4 is divided by k.
17
Let y be 276/207*3/(-2). What is the remainder when -13*(y/2 - 0/(-20)) is divided by (2/4)/((-2)/(-28))?
6
Let u(q) be the second derivative of -q**4/3 + 89*q**3/6 + q**2 - 19*q + 2. What is the remainder when u(21) is divided by 6?
5
Let r = 4029 + -3944. Suppose 5*y = -4*h + 55, -30 = -h - y + 3*y. What is the remainder when r is divided by h?
5
Suppose 13*q - 1717 = 4*q - 331. Calculate the remainder when 329 is divided by q.
21
Let k = -1410 + 1515. Calculate the remainder when 391 is divided by k.
76
What is the remainder when 92 + 4/((-8)/6) is divided by 3*((-9)/81)/((-1)/93)?
27
Suppose -109 = i + 5*n, -3*n - n - 230 = 2*i. Let s = i - -190. Suppose 3*m + v - 39 = -0, 5*v - 15 = 0. What is the remainder when s is divided by m?
11
Let j be (-20)/(-70) + (-5066)/(-7). Let l = -606 + j. Calculate the remainder when l is divided by 6.
4
Let d = -11719 + 11725. What is the remainder when 778 is divided by d?
4
Let i(d) = d**2 - d + 14. Let v be i(0). Let j(z) = -z**3 + 9*z**2 + 34*z - 224. Let t be j(10). Calculate the remainder when 31 is divided by (v/5)/(t/40).
3
Suppose 0 = -46*s + 61*s - 5010. Let f = s + -331. What is the remainder when 14 is divided by f?
2
Let n be (4/12)/((-28)/9 - -3). Let w(o) = o**2 + o + 8. What is the remainder when 108 is divided by w(n)?
10
What is the remainder when (380/285 + 11/(-6))*(0 + -844) is divided by 89?
66
Suppose w = 2*f - 117, -w + 4*f - 20 = 95. Let a = w + 133. What is the remainder when 153 is divided by a?
13
Let x(r) = -2*r + 5. Let c(u) = u**2 - 6*u + 14. Let f(j) = 3*c(j) - 8*x(j). What is the remainder when f(5) is divided by (2/(-10) + 1)/(1656/810 - 2)?
13
Let f be (28/(-6))/(3/(-9) + 1). Calculate the remainder when f/(-168)*8*129 is divided by 5.
3
Suppose -264 = -i - 10*i. Suppose -132 = -11*y - 22. Suppose 6*k - y = 260. What is the remainder when k is divided by i?
21
Suppose 2*v = 2*g - 144, g - 57*v = -53*v + 72. What is the remainder when g is divided by (0 - -1) + 3 + 1?
2
Let l = -38 + 58. Suppose l = -n + 3*n. Suppose s + 156 = 5*s. What is the remainder when s is divided by n?
9
Suppose -c + 3*n + 17 = -12, 2*c - 56 = 4*n. Calculate the remainder when 330 is divided by c.
18
Let m(x) = 3*x**2 - 6*x - 2. Let b(u) = u**3 + 13*u**2 - 28*u - 13. Let a be b(-15). Let h = -14 - a. Calculate the remainder when m(-6) is divided by h.
26
Let k = 21 + 11. Suppose 0 = -90*t + 557 - 76 + 149. Calculate the remainder when k is divided by t.
4
Let r = -4301 + 4351. Calculate the remainder when r is divided by 2.
0
Suppose t - 7*t = -444. Suppose 3*z + w - 71 = -w, 2*z - 4*w = t. What is the remainder when 69 is divided by (90/z)/((-3)/(-9))?
9
Let v(u) = 4*u**2 - 30*u + 1. Suppose 14*z - 16*z + 8 = 0, 2*z = -2*t + 80. Calculate the remainder when v(-2) is divided by t.
5
Suppose -2*u = -3*p - 2, 0 = p + 3*p - 3*u + 3. Suppose 9*h - 817 - 92 = p. Suppose 5*a + 1 = h. What is the remainder when a is divided by 12?
8
Let o = 92 + 61. Calculate the remainder when 300 is divided by o.
147
Calculate the remainder when (1656/(-9) - (4 + 0))/(-4) is divided by 15.
2
Let d(c) = 17*c**2 + 89*c + 45. What is the remainder when d(-13) is divided by 63?
60
Let z(f) = 10*f - 12. Let m be z(4). Suppose l - 8 = -2*q, -5*q + m = 5*l - 2. What is the remainder when 28 is divided by q/(38/48 + (-8)/12)?
12
Let s(v) = 9*v - 4. Suppose 2*x + 0*x = 32. Let f = 355 + -308. Calculate the remainder when s(x) is divided by f.
46
Let a(b) = b**2 - 8*b - 243. Calculate the remainder when a(-20) is divided by 90.
47
Let h(p) be the first derivative of -p**3/3 + 4*p**2 - 11*p + 109. Calculate the remainder when h(4) is divided by 4.
1
Let b = 273 + -275. Suppose -y + 1 = -4. What is the remainder when (0 + b)*27/(-6) is divided by y?
4
Suppose b = -4, -5*p - 3*b + 134 = b. Suppose 42 = 4*u - p. Calculate the remainder when u is divided by 11.
7
Let m(o) = -53*o + 110*o + 12 - 55*o. Calculate the remainder when (-228)/(-8) + 1/(-2) is divided by m(-1).
8
Let a(s) = s**3 - 27*s**2 + 47*s + 83. Let g be a(25). What is the remainder when g + (4 + 4 - -147) is divided by 14?
9
Suppose 5*i + 82 = 3*q, 5*i = -2 + 7. Let v = q - 11. What is the remainder when v is divided by ((-208)/32)/((-1)/2)?
5
Let q(x) = -25*x + 14. Let l be q(-11). Suppose -10*k + l = -1761. Calculate the remainder when k is divided by 9.
7
Let l = 1331 + -1290. Let t = 31 - 17. Suppose -p = g - t, -2*g + 2*p + 15 = -13. Calculate the remainder when l is divided by g.
13
Let s be 108/(-28) - 6/42. What is the remainder when 9*s/(-8)*(-424)/(-6) is divided by 46?
42
Suppose 8 = -3*v + 4*f + 109, 5*v - 110 = -5*f. Suppose -v*a + 855 = -22*a. Suppose -2*x = -0*x - 86. What is the remainder when a is divided by x?
42
Let g(s) = 9*s - 9. Let a be g(-3). Let d = a + 50. Calculate the remainder when 1/(5/(-12))*-75*1 is divided by d.
12
Let w(s) = -42*s**3 + s + 1. Let f be 7 + (4 + -8)*2. What is the remainder when w(f) is divided by 26?
16
Let r = -21 + 24. Let x be r*(2/4 - (-11)/66). Suppose -3*o + 80 = x*o. Calculate the remainder when 143 is divided by o.
15
Suppose 12*m - 12 = 4*r, 95 = -11*r + 14*r + 4*m. Let u(t) = -6*t**3 - 4*t**2 - 1. Calculate the remainder when u(-3) is divided by r.
20
Let u(y) = -y**3 + 6*y**2 - y + 18. Let m be u(5). Suppose -26*o + m*o - 924 = 0. Calculate the remainder when o is divided by 39.
38
Suppose 3172 = 14*h - 3*q - 3297, 0 = 5*h + 4*q - 2285. What is the remainder when h is divided by 64?
13
Let n(p) = p**3 + 46*p**2 - 96*p + 10. Let l(f) = -34*f - 2. Let t be l(-1). Suppose -3*y + 64 = -t. What is the remainder when y is divided by n(-48)?
2
Suppose 0 = 3*h - 4*x - 32, 2*h = 4*x - 11 + 39. What is the remainder when 118 is divided by h*21/(-24)*-4 - 2?
10
Let d(b) = 20*b**2 - 125*b + 710. Calculate the remainder when 2045 is divided by d(6).
5
Suppose -p + 65 = -o + 62, -4*p + 2*o = -14. Suppose -p*v + 0*v = 2*w - 8, 5*w = -4*v + 2. What is the remainder when 8 is divided by v?
2
Let g = -206 + 258. Calculate the remainder when g is divided by 13.
0
Suppose 3*t + 68 = 5*t. Let z(f) = 14*f - 119. Let s be z(9). Let i(a) = a**2 + a + 11. What is the remainder when i(s) is divided by t?
33
Suppose -1 = -2*i - g - 2*g, 5*i - 2*g + 26 = 0. Let j(u) be the second derivative of -u**3/2 + 2*u**2 + 2*u. What is the rem